ands digit of 1457?
1
What is the units digit of 1008?
8
What is the units digit of 1325?
5
What is the units digit of 149?
9
What is the ten thousands digit of 29855?
2
What is the tens digit of 23006?
0
What is the hundreds digit of 1729?
7
What is the thousands digit of 11962?
1
What is the ten thousands digit of 198288?
9
What is the ten thousands digit of 67169?
6
What is the tens digit of 805?
0
What is the hundreds digit of 492?
4
What is the ten thousands digit of 50152?
5
What is the units digit of 35800?
0
What is the ten thousands digit of 132922?
3
What is the hundreds digit of 884?
8
What is the units digit of 3282?
2
What is the tens digit of 5520?
2
What is the thousands digit of 3634?
3
What is the units digit of 276?
6
What is the thousands digit of 1311?
1
What is the units digit of 5400?
0
What is the hundreds digit of 29908?
9
What is the tens digit of 236?
3
What is the tens digit of 13193?
9
What is the thousands digit of 23191?
3
What is the hundreds digit of 1337?
3
What is the thousands digit of 8540?
8
What is the ten thousands digit of 69943?
6
What is the tens digit of 19866?
6
What is the hundred thousands digit of 203741?
2
What is the units digit of 133744?
4
What is the units digit of 18760?
0
What is the units digit of 1343?
3
What is the tens digit of 56509?
0
What is the thousands digit of 1997?
1
What is the units digit of 8758?
8
What is the hundreds digit of 13876?
8
What is the tens digit of 536?
3
What is the ten thousands digit of 35915?
3
What is the tens digit of 4391?
9
What is the units digit of 5720?
0
What is the units digit of 752?
2
What is the ten thousands digit of 22530?
2
What is the units digit of 466?
6
What is the ten thousands digit of 26992?
2
What is the hundreds digit of 10935?
9
What is the thousands digit of 1789?
1
What is the hundreds digit of 17615?
6
What is the thousands digit of 98578?
8
What is the thousands digit of 1796?
1
What is the thousands digit of 11266?
1
What is the thousands digit of 1787?
1
What is the units digit of 775?
5
What is the tens digit of 31368?
6
What is the tens digit of 27166?
6
What is the units digit of 7875?
5
What is the hundreds digit of 259?
2
What is the thousands digit of 12504?
2
What is the units digit of 1234?
4
What is the hundreds digit of 27662?
6
What is the tens digit of 19441?
4
What is the thousands digit of 1323?
1
What is the hundreds digit of 4442?
4
What is the units digit of 85?
5
What is the tens digit of 21423?
2
What is the hundreds digit of 378?
3
What is the units digit of 351?
1
What is the tens digit of 636?
3
What is the hundreds digit of 982?
9
What is the units digit of 73202?
2
What is the ten thousands digit of 16563?
1
What is the units digit of 4501?
1
What is the tens digit of 3074?
7
What is the thousands digit of 45016?
5
What is the hundreds digit of 5334?
3
What is the ten thousands digit of 48088?
4
What is the hundreds digit of 2286?
2
What is the thousands digit of 13921?
3
What is the tens digit of 335?
3
What is the tens digit of 2579?
7
What is the tens digit of 200275?
7
What is the hundreds digit of 4009?
0
What is the thousands digit of 30139?
0
What is the units digit of 18304?
4
What is the units digit of 39365?
5
What is the tens digit of 1789?
8
What is the hundreds digit of 1061?
0
What is the units digit of 21501?
1
What is the thousands digit of 4343?
4
What is the ten thousands digit of 68522?
6
What is the units digit of 634?
4
What is the units digit of 58287?
7
What is the units digit of 661?
1
What is the units digit of 2089?
9
What is the units digit of 44706?
6
What is the ten thousands digit of 70378?
7
What is the thousands digit of 51370?
1
What is the hundreds digit of 2133?
1
What is the thousands digit of 5124?
5
What is the hundreds digit of 32140?
1
What is the thousands digit of 7861?
7
What is the ten thousands digit of 25524?
2
What is the hundreds digit of 120765?
7
What is the units digit of 988?
8
What is the tens digit of 1372?
7
What is the ten thousands digit of 52530?
5
What is the thousands digit of 17176?
7
What is the ten thousands digit of 16946?
1
What is the units digit of 11120?
0
What is the hundreds digit of 21037?
0
What is the hundreds digit of 30686?
6
What is the hundreds digit of 351?
3
What is the ten thousands digit of 30905?
3
What is the tens digit of 305?
0
What is the tens digit of 140?
4
What is the units digit of 4845?
5
What is the hundreds digit of 4512?
5
What is the tens digit of 154?
5
What is the thousands digit of 4287?
4
What is the units digit of 5598?
8
What is the hundreds digit of 3476?
4
What is the hundreds digit of 14768?
7
What is the thousands digit of 78138?
8
What is the units digit of 609?
9
What is the tens digit of 52427?
2
What is the units digit of 886?
6
What is the hundreds digit of 1987?
9
What is the units digit of 5516?
6
What is the units digit of 67170?
0
What is the hundreds digit of 4060?
0
What is the units digit of 13703?
3
What is the tens digit of 1209?
0
What is the thousands digit of 1035?
1
What is the hundreds digit of 145966?
9
What is the hundreds digit of 1589?
5
What is the hundreds digit of 232?
2
What is the thousands digit of 1206?
1
What is the tens digit of 371?
7
What is the units digit of 722?
2
What is the hundreds digit of 2642?
6
What is the units digit of 1133?
3
What is the tens digit of 5010?
1
What is the units digit of 102002?
2
What is the tens digit of 1120?
2
What is the hundreds digit of 18051?
0
What is the units digit of 140254?
4
What is the hundreds digit of 518?
5
What is the thousands digit of 9460?
9
What is the units digit of 5981?
1
What is the ten thousands digit of 75237?
7
What is the units digit of 436?
6
What is the tens digit of 937?
3
What is the hundreds digit of 4114?
1
What is the hundreds digit of 3469?
4
What is the hundreds digit of 3219?
2
What is the units digit of 5986?
6
What is the tens digit of 29468?
6
What is the hundreds digit of 472?
4
What is the hundreds digit of 2513?
5
What is the hundreds digit of 839?
8
What is the hundreds digit of 1328?
3
What is the thousands digit of 89793?
9
What is the units digit of 635?
5
What is the thousands digit of 8271?
8
What is the units digit of 8408?
8
What is the thousands digit of 2413?
2
What is the tens digit of 1974?
7
What is the thousands digit of 29381?
9
What is the hundreds digit of 11575?
5
What is the units digit of 4086?
6
What is the hundreds digit of 4840?
8
What is the hundreds digit of 2523?
5
What is the tens digit of 5044?
4
What is the ten thousands digit of 12094?
1
What is the thousands digit of 79697?
9
What is the units digit of 4265?
5
What is the units digit of 110142?
2
What is the tens digit of 2171?
7
What is the units digit of 435?
5
What is the thousands digit of 3348?
3
What is the thousands digit of 2356?
2
What is the tens digit of 50505?
0
What is the thousands digit of 1136?
1
What is the thousands digit of 1304?
1
What is the ten thousands digit of 97081?
9
What is the hundreds digit of 163793?
7
What is the ten thousands digit of 12872?
1
What is the tens digit of 16944?
4
What is the units digit of 52310?
0
What is the thousands digit of 26477?
6
What is the units digit of 6430?
0
What is the hundreds digit of 8800?
8
What is the units digit of 473?
3
What is the units digit of 17675?
5
What is the units digit of 22717?
7
What is the units digit of 41835?
5
What is the hundreds digit of 716?
7
What is the thousands digit of 2628?
2
What is the units digit of 523?
3
What is the hundreds digit of 1855?
8
What is the tens digit of 104783?
8
What is the hundreds digit of 75818?
8
What is the hundreds digit of 1589?
5
What is the units digit of 1639?
9
What is the hundreds digit of 366?
3
What is the units digit of 116728?
8
What is the tens digit of 325?
2
What is the thousands digit of 4711?
4
What is the tens digit of 1132?
3
What is the hundreds digit of 16065?
0
What is the hundreds digit of 499?
4
What is the units digit of 5?
5
What is the tens digit of 165?
6
What is the hundreds digit of 1001?
0
What is the units digit of 82835?
5
What is the units digit of 4955?
5
What is the units digit of 8629?
9
What is the thousands digit of 28624?
8
What is the hundreds digit o